{"id":452,"date":"2022-11-01T14:37:56","date_gmt":"2022-11-01T13:37:56","guid":{"rendered":"http:\/\/centreuniverslebienetre.fr\/?page_id=452"},"modified":"2023-10-19T09:52:02","modified_gmt":"2023-10-19T07:52:02","slug":"veronique-elias","status":"publish","type":"page","link":"http:\/\/centreuniverslebienetre.fr\/index.php\/veronique-elias\/","title":{"rendered":"VERONIQUE ELIAS"},"content":{"rendered":"\t\t<div data-elementor-type=\"wp-page\" data-elementor-id=\"452\" class=\"elementor elementor-452\">\n\t\t\t\t\t\t<section class=\"elementor-section elementor-top-section elementor-element elementor-element-49f64fb elementor-section-boxed elementor-section-height-default elementor-section-height-default\" data-id=\"49f64fb\" data-element_type=\"section\" data-e-type=\"section\">\n\t\t\t\t\t\t<div class=\"elementor-container elementor-column-gap-default\">\n\t\t\t\t\t<div class=\"elementor-column elementor-col-100 elementor-top-column elementor-element elementor-element-cd4ddce\" data-id=\"cd4ddce\" data-element_type=\"column\" data-e-type=\"column\" data-settings=\"{&quot;background_background&quot;:&quot;classic&quot;}\">\n\t\t\t<div class=\"elementor-widget-wrap elementor-element-populated\">\n\t\t\t\t\t\t<section class=\"elementor-section elementor-inner-section elementor-element elementor-element-fcdd0d4 elementor-section-boxed elementor-section-height-default elementor-section-height-default\" data-id=\"fcdd0d4\" data-element_type=\"section\" data-e-type=\"section\">\n\t\t\t\t\t\t<div class=\"elementor-container elementor-column-gap-default\">\n\t\t\t\t\t<div class=\"elementor-column elementor-col-50 elementor-inner-column elementor-element elementor-element-c1590d1\" data-id=\"c1590d1\" data-element_type=\"column\" data-e-type=\"column\">\n\t\t\t<div class=\"elementor-widget-wrap elementor-element-populated\">\n\t\t\t\t\t\t<div class=\"elementor-element elementor-element-652323d elementor-widget elementor-widget-image\" data-id=\"652323d\" data-element_type=\"widget\" data-e-type=\"widget\" data-widget_type=\"image.default\">\n\t\t\t\t<div class=\"elementor-widget-container\">\n\t\t\t\t\t\t\t\t\t\t\t\t\t\t\t<img fetchpriority=\"high\" decoding=\"async\" width=\"800\" height=\"508\" src=\"http:\/\/centreuniverslebienetre.fr\/wp-content\/uploads\/2022\/11\/IMG_7283-1024x650.jpeg\" class=\"attachment-large size-large wp-image-947\" alt=\"\" srcset=\"http:\/\/centreuniverslebienetre.fr\/wp-content\/uploads\/2022\/11\/IMG_7283-1024x650.jpeg 1024w, http:\/\/centreuniverslebienetre.fr\/wp-content\/uploads\/2022\/11\/IMG_7283-300x190.jpeg 300w, http:\/\/centreuniverslebienetre.fr\/wp-content\/uploads\/2022\/11\/IMG_7283-768x487.jpeg 768w, http:\/\/centreuniverslebienetre.fr\/wp-content\/uploads\/2022\/11\/IMG_7283-1536x974.jpeg 1536w, http:\/\/centreuniverslebienetre.fr\/wp-content\/uploads\/2022\/11\/IMG_7283-2048x1299.jpeg 2048w\" sizes=\"(max-width: 800px) 100vw, 800px\" \/>\t\t\t\t\t\t\t\t\t\t\t\t\t\t\t<\/div>\n\t\t\t\t<\/div>\n\t\t\t\t\t<\/div>\n\t\t<\/div>\n\t\t\t\t<div class=\"elementor-column elementor-col-50 elementor-inner-column elementor-element elementor-element-5d3e024\" data-id=\"5d3e024\" data-element_type=\"column\" data-e-type=\"column\">\n\t\t\t<div class=\"elementor-widget-wrap elementor-element-populated\">\n\t\t\t\t\t\t<div class=\"elementor-element elementor-element-12fd834 elementor-widget elementor-widget-text-editor\" data-id=\"12fd834\" data-element_type=\"widget\" data-e-type=\"widget\" data-widget_type=\"text-editor.default\">\n\t\t\t\t<div class=\"elementor-widget-container\">\n\t\t\t\t\t\t\t\t\t<h1>VERONIQUE ELIAS<\/h1>\t\t\t\t\t\t\t\t<\/div>\n\t\t\t\t<\/div>\n\t\t\t\t\t<\/div>\n\t\t<\/div>\n\t\t\t\t\t<\/div>\n\t\t<\/section>\n\t\t\t\t\t<\/div>\n\t\t<\/div>\n\t\t\t\t\t<\/div>\n\t\t<\/section>\n\t\t\t\t<section class=\"elementor-section elementor-top-section elementor-element elementor-element-356f189 elementor-section-boxed elementor-section-height-default elementor-section-height-default\" data-id=\"356f189\" data-element_type=\"section\" data-e-type=\"section\">\n\t\t\t\t\t\t<div class=\"elementor-container elementor-column-gap-default\">\n\t\t\t\t\t<div class=\"elementor-column elementor-col-33 elementor-top-column elementor-element elementor-element-544efc3\" data-id=\"544efc3\" data-element_type=\"column\" data-e-type=\"column\">\n\t\t\t<div class=\"elementor-widget-wrap elementor-element-populated\">\n\t\t\t\t\t\t<div class=\"elementor-element elementor-element-78a883d elementor-widget elementor-widget-image\" data-id=\"78a883d\" data-element_type=\"widget\" data-e-type=\"widget\" data-widget_type=\"image.default\">\n\t\t\t\t<div class=\"elementor-widget-container\">\n\t\t\t\t\t\t\t\t\t\t\t\t\t\t\t<img decoding=\"async\" width=\"800\" height=\"998\" src=\"http:\/\/centreuniverslebienetre.fr\/wp-content\/uploads\/2022\/11\/Veronique-ELIAS-821x1024.jpg\" class=\"attachment-large size-large wp-image-771\" alt=\"\" srcset=\"http:\/\/centreuniverslebienetre.fr\/wp-content\/uploads\/2022\/11\/Veronique-ELIAS-821x1024.jpg 821w, http:\/\/centreuniverslebienetre.fr\/wp-content\/uploads\/2022\/11\/Veronique-ELIAS-241x300.jpg 241w, http:\/\/centreuniverslebienetre.fr\/wp-content\/uploads\/2022\/11\/Veronique-ELIAS-768x957.jpg 768w, http:\/\/centreuniverslebienetre.fr\/wp-content\/uploads\/2022\/11\/Veronique-ELIAS.jpg 1160w\" sizes=\"(max-width: 800px) 100vw, 800px\" \/>\t\t\t\t\t\t\t\t\t\t\t\t\t\t\t<\/div>\n\t\t\t\t<\/div>\n\t\t\t\t<section class=\"elementor-section elementor-inner-section elementor-element elementor-element-a7c967b elementor-section-boxed elementor-section-height-default elementor-section-height-default\" data-id=\"a7c967b\" data-element_type=\"section\" data-e-type=\"section\">\n\t\t\t\t\t\t<div class=\"elementor-container elementor-column-gap-default\">\n\t\t\t\t\t<div class=\"elementor-column elementor-col-50 elementor-inner-column elementor-element elementor-element-1a5254e\" data-id=\"1a5254e\" data-element_type=\"column\" data-e-type=\"column\">\n\t\t\t<div class=\"elementor-widget-wrap elementor-element-populated\">\n\t\t\t\t\t\t<div class=\"elementor-element elementor-element-42a3590 elementor-view-default elementor-invisible elementor-widget elementor-widget-icon\" data-id=\"42a3590\" data-element_type=\"widget\" data-e-type=\"widget\" data-settings=\"{&quot;_animation&quot;:&quot;bounceIn&quot;}\" data-widget_type=\"icon.default\">\n\t\t\t\t<div class=\"elementor-widget-container\">\n\t\t\t\t\t\t\t<div class=\"elementor-icon-wrapper\">\n\t\t\t<a class=\"elementor-icon\" href=\"tel:+330616378512\">\n\t\t\t<i aria-hidden=\"true\" class=\"fas fa-phone-volume\"><\/i>\t\t\t<\/a>\n\t\t<\/div>\n\t\t\t\t\t\t<\/div>\n\t\t\t\t<\/div>\n\t\t\t\t\t<\/div>\n\t\t<\/div>\n\t\t\t\t<div class=\"elementor-column elementor-col-50 elementor-inner-column elementor-element elementor-element-d9cdf98\" data-id=\"d9cdf98\" data-element_type=\"column\" data-e-type=\"column\" data-settings=\"{&quot;background_background&quot;:&quot;classic&quot;}\">\n\t\t\t<div class=\"elementor-widget-wrap elementor-element-populated\">\n\t\t\t\t\t\t<div class=\"elementor-element elementor-element-791ba71 elementor-widget elementor-widget-text-editor\" data-id=\"791ba71\" data-element_type=\"widget\" data-e-type=\"widget\" data-widget_type=\"text-editor.default\">\n\t\t\t\t<div class=\"elementor-widget-container\">\n\t\t\t\t\t\t\t\t\t<p>06 16 37 85 12<\/p>\t\t\t\t\t\t\t\t<\/div>\n\t\t\t\t<\/div>\n\t\t\t\t\t<\/div>\n\t\t<\/div>\n\t\t\t\t\t<\/div>\n\t\t<\/section>\n\t\t\t\t<div class=\"elementor-element elementor-element-1c93e4d elementor-widget elementor-widget-spacer\" data-id=\"1c93e4d\" data-element_type=\"widget\" data-e-type=\"widget\" data-widget_type=\"spacer.default\">\n\t\t\t\t<div class=\"elementor-widget-container\">\n\t\t\t\t\t\t\t<div class=\"elementor-spacer\">\n\t\t\t<div class=\"elementor-spacer-inner\"><\/div>\n\t\t<\/div>\n\t\t\t\t\t\t<\/div>\n\t\t\t\t<\/div>\n\t\t\t\t<div class=\"elementor-element elementor-element-422984d elementor-align-center elementor-widget elementor-widget-button\" data-id=\"422984d\" data-element_type=\"widget\" data-e-type=\"widget\" data-widget_type=\"button.default\">\n\t\t\t\t<div class=\"elementor-widget-container\">\n\t\t\t\t\t\t\t\t\t<div class=\"elementor-button-wrapper\">\n\t\t\t\t\t<a class=\"elementor-button elementor-button-link elementor-size-sm\" href=\"mailto:veroelias.fleursdebach@gmail.fr\">\n\t\t\t\t\t\t<span class=\"elementor-button-content-wrapper\">\n\t\t\t\t\t\t\t\t\t<span class=\"elementor-button-text\">veroelias.fleursdebach@gmail.fr<\/span>\n\t\t\t\t\t<\/span>\n\t\t\t\t\t<\/a>\n\t\t\t\t<\/div>\n\t\t\t\t\t\t\t\t<\/div>\n\t\t\t\t<\/div>\n\t\t\t\t<div class=\"elementor-element elementor-element-b669c1d elementor-widget elementor-widget-spacer\" data-id=\"b669c1d\" data-element_type=\"widget\" data-e-type=\"widget\" data-widget_type=\"spacer.default\">\n\t\t\t\t<div class=\"elementor-widget-container\">\n\t\t\t\t\t\t\t<div class=\"elementor-spacer\">\n\t\t\t<div class=\"elementor-spacer-inner\"><\/div>\n\t\t<\/div>\n\t\t\t\t\t\t<\/div>\n\t\t\t\t<\/div>\n\t\t\t\t<div class=\"elementor-element elementor-element-a643ed8 elementor-grid-3 elementor-shape-rounded e-grid-align-center elementor-widget elementor-widget-social-icons\" data-id=\"a643ed8\" data-element_type=\"widget\" data-e-type=\"widget\" data-widget_type=\"social-icons.default\">\n\t\t\t\t<div class=\"elementor-widget-container\">\n\t\t\t\t\t\t\t<div class=\"elementor-social-icons-wrapper elementor-grid\" role=\"list\">\n\t\t\t\t\t\t\t<span class=\"elementor-grid-item\" role=\"listitem\">\n\t\t\t\t\t<a class=\"elementor-icon elementor-social-icon elementor-social-icon-facebook elementor-repeater-item-afc8e9c\" href=\"https:\/\/www.facebook.com\/profile.php?id=100082836219811&#038;sk=about\" target=\"_blank\">\n\t\t\t\t\t\t<span class=\"elementor-screen-only\">Facebook<\/span>\n\t\t\t\t\t\t<i aria-hidden=\"true\" class=\"fab fa-facebook\"><\/i>\t\t\t\t\t<\/a>\n\t\t\t\t<\/span>\n\t\t\t\t\t\t\t<span class=\"elementor-grid-item\" role=\"listitem\">\n\t\t\t\t\t<a class=\"elementor-icon elementor-social-icon elementor-social-icon-instagram elementor-repeater-item-8f68e33\" href=\"https:\/\/www.instagram.com\/linstantpoursoi66\/\" target=\"_blank\">\n\t\t\t\t\t\t<span class=\"elementor-screen-only\">Instagram<\/span>\n\t\t\t\t\t\t<i aria-hidden=\"true\" class=\"fab fa-instagram\"><\/i>\t\t\t\t\t<\/a>\n\t\t\t\t<\/span>\n\t\t\t\t\t<\/div>\n\t\t\t\t\t\t<\/div>\n\t\t\t\t<\/div>\n\t\t\t\t<div class=\"elementor-element elementor-element-19ce9a8 elementor-widget elementor-widget-spacer\" data-id=\"19ce9a8\" data-element_type=\"widget\" data-e-type=\"widget\" data-widget_type=\"spacer.default\">\n\t\t\t\t<div class=\"elementor-widget-container\">\n\t\t\t\t\t\t\t<div class=\"elementor-spacer\">\n\t\t\t<div class=\"elementor-spacer-inner\"><\/div>\n\t\t<\/div>\n\t\t\t\t\t\t<\/div>\n\t\t\t\t<\/div>\n\t\t\t\t\t<\/div>\n\t\t<\/div>\n\t\t\t\t<div class=\"elementor-column elementor-col-66 elementor-top-column elementor-element elementor-element-b498a0f\" data-id=\"b498a0f\" data-element_type=\"column\" data-e-type=\"column\">\n\t\t\t<div class=\"elementor-widget-wrap elementor-element-populated\">\n\t\t\t\t\t\t<div class=\"elementor-element elementor-element-acfd5e8 elementor-widget elementor-widget-text-editor\" data-id=\"acfd5e8\" data-element_type=\"widget\" data-e-type=\"widget\" data-widget_type=\"text-editor.default\">\n\t\t\t\t<div class=\"elementor-widget-container\">\n\t\t\t\t\t\t\t\t\t<p>CONSEILL\u00c8RE AGR\u00c9\u00c9E EN FLEURS DE BACH<\/p>\t\t\t\t\t\t\t\t<\/div>\n\t\t\t\t<\/div>\n\t\t\t\t<div class=\"elementor-element elementor-element-e48007e elementor-widget elementor-widget-text-editor\" data-id=\"e48007e\" data-element_type=\"widget\" data-e-type=\"widget\" data-widget_type=\"text-editor.default\">\n\t\t\t\t<div class=\"elementor-widget-container\">\n\t\t\t\t\t\t\t\t\t<p>MAGNETISME &#8211; SOINS ENERGETIQUES<\/p>\t\t\t\t\t\t\t\t<\/div>\n\t\t\t\t<\/div>\n\t\t\t\t<div class=\"elementor-element elementor-element-e2b3a0e elementor-widget elementor-widget-text-editor\" data-id=\"e2b3a0e\" data-element_type=\"widget\" data-e-type=\"widget\" data-widget_type=\"text-editor.default\">\n\t\t\t\t<div class=\"elementor-widget-container\">\n\t\t\t\t\t\t\t\t\t<p><strong>G\u00e9rer ses \u00e9motions avec les Fleurs<\/strong>\u00a0<br \/>un traitement doux et respectueux<\/p>\t\t\t\t\t\t\t\t<\/div>\n\t\t\t\t<\/div>\n\t\t\t\t<div class=\"elementor-element elementor-element-1a3f0d1 elementor-widget elementor-widget-text-editor\" data-id=\"1a3f0d1\" data-element_type=\"widget\" data-e-type=\"widget\" data-widget_type=\"text-editor.default\">\n\t\t\t\t<div class=\"elementor-widget-container\">\n\t\t\t\t\t\t\t\t\t<p>Les FLEURS de Bach sont une <strong>m\u00e9thode de sant\u00e9 simple, naturelle et sans danger qui traite uniquement des \u00e9tats \u00e9motionnels perturb\u00e9s<\/strong> (hypersensibilit\u00e9, \u00e9motivit\u00e9 d\u00e9bordante, culpabilit\u00e9, intol\u00e9rance, irritabilit\u00e9, peurs, manque de confiance, timidit\u00e9, agressivit\u00e9&#8230;).<\/p><p>Il existe <span style=\"color: #ff00ff;\">38 \u00e9lixirs floraux*<\/span> qui recouvrent l&rsquo;ensemble de nos humeurs et \u00e9tats d&rsquo;\u00e2me et qui agissent en douceur pour r\u00e9tablir l&rsquo;\u00e9quilibre et l&rsquo;harmonie \u00e9motionnelle. Ils sont fabriqu\u00e9s par d\u00e9coction \u00e0 partir de fleurs de plantes, d&rsquo;arbustes et d&rsquo;arbres.<\/p><p>Les Fleurs de Bach aident \u00e0 g\u00e9rer les \u00e9motions car elles permettent de reprendre contact avec notre propre force de gu\u00e9rison : elles agissent en nous transmettant un message \u00e9nerg\u00e9tique positif qui va stimuler nos qualit\u00e9s endormies. Par exemple,\u00a0<em>face \u00e0 un sentiment de peur connue, nous retrouvons courage et confiance<\/em>).<\/p><p>En nous reliant \u00e0 nos qualit\u00e9s profondes et \u00e0 ce que nous sommes au plus profond de nous, elles nous permettent de traverser les difficult\u00e9s quotidiennes et les \u00e9preuves de la vie avec plus de s\u00e9r\u00e9nit\u00e9, d&rsquo;\u00e9quilibre et de joie.<\/p><p><span style=\"color: #ff00ff;\">* Les \u00e9lixirs floraux ne sont pas des m\u00e9dicaments et sont r\u00e9pertori\u00e9s en France \u00ab\u00a0compl\u00e9ments alimentaires\u00a0\u00bb. Ils ne peuvent pas se substituer \u00e0 une prescription m\u00e9dicale, ni remplacer le diagnostic et le traitement d&rsquo;un professionnel de la sant\u00e9 docteur en m\u00e9decine.<\/span><\/p>\t\t\t\t\t\t\t\t<\/div>\n\t\t\t\t<\/div>\n\t\t\t\t<div class=\"elementor-element elementor-element-8bea148 elementor-widget elementor-widget-text-editor\" data-id=\"8bea148\" data-element_type=\"widget\" data-e-type=\"widget\" data-widget_type=\"text-editor.default\">\n\t\t\t\t<div class=\"elementor-widget-container\">\n\t\t\t\t\t\t\t\t\t<p>MON R\u00d4LE : vous accompagner dans l&rsquo;exploration de votre mal-\u00eatre \u00e9motionnel<\/p>\t\t\t\t\t\t\t\t<\/div>\n\t\t\t\t<\/div>\n\t\t\t\t<div class=\"elementor-element elementor-element-bf347b9 elementor-widget elementor-widget-text-editor\" data-id=\"bf347b9\" data-element_type=\"widget\" data-e-type=\"widget\" data-widget_type=\"text-editor.default\">\n\t\t\t\t<div class=\"elementor-widget-container\">\n\t\t\t\t\t\t\t\t\t<p>Je vous offre un espace d&rsquo;\u00e9coute et d&rsquo;\u00e9changes bas\u00e9 sur la <strong>confidentialit\u00e9<\/strong>, le <strong>respect<\/strong>, et le <strong>non-jugement<\/strong> &#8211; et dans ce cadre de bienveillance, nous pourrons mettre en lumi\u00e8re vos ressentis difficiles.<\/p><p>Durant l&rsquo;entretien, <strong>je rel\u00e8ve les \u00e9tats \u00e9motionnels qui seront r\u00e9-harmonis\u00e9s par les \u00e9lixirs<\/strong>.<\/p><p>A la fin, <strong>je vous pr\u00e9sente les Fleurs gu\u00e9risseuses et VOUS d\u00e9ciderez de celles que vous voudrez prendre<\/strong>.<\/p><p>\u00a0<\/p>\t\t\t\t\t\t\t\t<\/div>\n\t\t\t\t<\/div>\n\t\t\t\t<div class=\"elementor-element elementor-element-7eb1316 elementor-widget elementor-widget-text-editor\" data-id=\"7eb1316\" data-element_type=\"widget\" data-e-type=\"widget\" data-widget_type=\"text-editor.default\">\n\t\t\t\t<div class=\"elementor-widget-container\">\n\t\t\t\t\t\t\t\t\t<p>Pour qui ?\u00a0<\/p>\t\t\t\t\t\t\t\t<\/div>\n\t\t\t\t<\/div>\n\t\t\t\t<div class=\"elementor-element elementor-element-543562a elementor-widget elementor-widget-text-editor\" data-id=\"543562a\" data-element_type=\"widget\" data-e-type=\"widget\" data-widget_type=\"text-editor.default\">\n\t\t\t\t<div class=\"elementor-widget-container\">\n\t\t\t\t\t\t\t\t\t<p><span style=\"color: #008699;\">Pour toute la famille sans aucun danger<\/span><\/p>\t\t\t\t\t\t\t\t<\/div>\n\t\t\t\t<\/div>\n\t\t\t\t<div class=\"elementor-element elementor-element-46828f6 elementor-widget elementor-widget-text-editor\" data-id=\"46828f6\" data-element_type=\"widget\" data-e-type=\"widget\" data-widget_type=\"text-editor.default\">\n\t\t\t\t<div class=\"elementor-widget-container\">\n\t\t\t\t\t\t\t\t\t<p style=\"text-align: left;\">. <strong>Sans danger<\/strong> : pas de fleurs toxiques, d&rsquo;effets secondaires, d&rsquo;accoutumance ou de probl\u00e8me si surdosage<\/p><p>. <strong>Simple<\/strong> : quelques gouttes ou sprays par jour<\/p><p>. <strong>S\u00fbr<\/strong> : compatible avec tous types de soin (cin\u00e9, ost\u00e9o, kin\u00e9sio, orthophoniste, psychoth\u00e9rapie&#8230;.) et de traitement (allopathie, phytoth\u00e9rapie&#8230;)<\/p><p><span style=\"color: #ff00ff;\">Il est \u00e9vident qu&rsquo;<strong>on ne remplace pas les traitements conventionnels<\/strong> par les Fleurs de Bach. Cependant, elles vont vous soutenir pendant votre <strong>processus de gu\u00e9rison<\/strong>. Elles vont aider votre <strong>syst\u00e8me immunitaire<\/strong> \u00e0 fonctionner normalement.<\/span><\/p>\t\t\t\t\t\t\t\t<\/div>\n\t\t\t\t<\/div>\n\t\t\t\t\t<\/div>\n\t\t<\/div>\n\t\t\t\t\t<\/div>\n\t\t<\/section>\n\t\t\t\t<section class=\"elementor-section elementor-top-section elementor-element elementor-element-f3f939b elementor-section-boxed elementor-section-height-default elementor-section-height-default\" data-id=\"f3f939b\" data-element_type=\"section\" data-e-type=\"section\">\n\t\t\t\t\t\t<div class=\"elementor-container elementor-column-gap-default\">\n\t\t\t\t\t<div class=\"elementor-column elementor-col-50 elementor-top-column elementor-element elementor-element-2a37a44\" data-id=\"2a37a44\" data-element_type=\"column\" data-e-type=\"column\">\n\t\t\t<div class=\"elementor-widget-wrap elementor-element-populated\">\n\t\t\t\t\t\t<div class=\"elementor-element elementor-element-c14bafd elementor-widget elementor-widget-text-editor\" data-id=\"c14bafd\" data-element_type=\"widget\" data-e-type=\"widget\" data-widget_type=\"text-editor.default\">\n\t\t\t\t<div class=\"elementor-widget-container\">\n\t\t\t\t\t\t\t\t\t<p><strong>S\u00c9ANCES SUR RENDEZ VOUS en&nbsp;Pr\u00e9sentiel&nbsp;<\/strong><\/p><p><strong>ou Distanciel<\/strong><\/p>\t\t\t\t\t\t\t\t<\/div>\n\t\t\t\t<\/div>\n\t\t\t\t\t<\/div>\n\t\t<\/div>\n\t\t\t\t<div class=\"elementor-column elementor-col-50 elementor-top-column elementor-element elementor-element-1572dbc\" data-id=\"1572dbc\" data-element_type=\"column\" data-e-type=\"column\">\n\t\t\t<div class=\"elementor-widget-wrap elementor-element-populated\">\n\t\t\t\t\t\t<div class=\"elementor-element elementor-element-8b32bdd elementor-widget elementor-widget-text-editor\" data-id=\"8b32bdd\" data-element_type=\"widget\" data-e-type=\"widget\" data-widget_type=\"text-editor.default\">\n\t\t\t\t<div class=\"elementor-widget-container\">\n\t\t\t\t\t\t\t\t\t<p><strong>TARIF<\/strong><\/p>\t\t\t\t\t\t\t\t<\/div>\n\t\t\t\t<\/div>\n\t\t\t\t<div class=\"elementor-element elementor-element-91b5fe6 elementor-widget elementor-widget-text-editor\" data-id=\"91b5fe6\" data-element_type=\"widget\" data-e-type=\"widget\" data-widget_type=\"text-editor.default\">\n\t\t\t\t<div class=\"elementor-widget-container\">\n\t\t\t\t\t\t\t\t\t<p>\u00a0 \u00a0 \u00a0 \u00a0 \u00a0 \u00a0 \u00a0 \u00a0 \u00a0Adultes : 40 \u20ac <br \/>\u00a0 \u00a0 \u00a0 \u00a0 \u00a0 \u00a0 \u00a0 \u00a0 Enfants et Adolescents : 30 \u20ac<\/p><p>\u00a0<\/p>\t\t\t\t\t\t\t\t<\/div>\n\t\t\t\t<\/div>\n\t\t\t\t\t<\/div>\n\t\t<\/div>\n\t\t\t\t\t<\/div>\n\t\t<\/section>\n\t\t\t\t<section class=\"elementor-section elementor-top-section elementor-element elementor-element-e5bbd3d elementor-section-boxed elementor-section-height-default elementor-section-height-default\" data-id=\"e5bbd3d\" data-element_type=\"section\" data-e-type=\"section\">\n\t\t\t\t\t\t<div class=\"elementor-container elementor-column-gap-default\">\n\t\t\t\t\t<div class=\"elementor-column elementor-col-100 elementor-top-column elementor-element elementor-element-134e30b\" data-id=\"134e30b\" data-element_type=\"column\" data-e-type=\"column\" data-settings=\"{&quot;background_background&quot;:&quot;classic&quot;}\">\n\t\t\t<div class=\"elementor-widget-wrap elementor-element-populated\">\n\t\t\t\t\t\t<div class=\"elementor-element elementor-element-b3c3baf elementor-widget elementor-widget-image-gallery\" data-id=\"b3c3baf\" data-element_type=\"widget\" data-e-type=\"widget\" data-widget_type=\"image-gallery.default\">\n\t\t\t\t<div class=\"elementor-widget-container\">\n\t\t\t\t\t\t\t<div class=\"elementor-image-gallery\">\n\t\t\t<div id='gallery-1' class='gallery galleryid-452 gallery-columns-3 gallery-size-thumbnail'><figure class='gallery-item'>\n\t\t\t<div class='gallery-icon landscape'>\n\t\t\t\t<a data-elementor-open-lightbox=\"yes\" data-elementor-lightbox-slideshow=\"b3c3baf\" data-elementor-lightbox-title=\"espace d&#039;accueil\" data-e-action-hash=\"#elementor-action%3Aaction%3Dlightbox%26settings%3DeyJpZCI6NzcyLCJ1cmwiOiJodHRwOlwvXC9jZW50cmV1bml2ZXJzbGViaWVuZXRyZS5mclwvd3AtY29udGVudFwvdXBsb2Fkc1wvMjAyMlwvMTFcL2VzcGFjZS1kYWNjdWVpbC1zY2FsZWQuanBlZyIsInNsaWRlc2hvdyI6ImIzYzNiYWYifQ%3D%3D\" href='http:\/\/centreuniverslebienetre.fr\/wp-content\/uploads\/2022\/11\/espace-daccueil-scaled.jpeg'><img decoding=\"async\" width=\"150\" height=\"150\" src=\"http:\/\/centreuniverslebienetre.fr\/wp-content\/uploads\/2022\/11\/espace-daccueil-150x150.jpeg\" class=\"attachment-thumbnail size-thumbnail\" alt=\"\" \/><\/a>\n\t\t\t<\/div><\/figure><figure class='gallery-item'>\n\t\t\t<div class='gallery-icon portrait'>\n\t\t\t\t<a data-elementor-open-lightbox=\"yes\" data-elementor-lightbox-slideshow=\"b3c3baf\" data-elementor-lightbox-title=\"dipl\u00f4mes et elixirs\" data-e-action-hash=\"#elementor-action%3Aaction%3Dlightbox%26settings%3DeyJpZCI6Nzc1LCJ1cmwiOiJodHRwOlwvXC9jZW50cmV1bml2ZXJzbGViaWVuZXRyZS5mclwvd3AtY29udGVudFwvdXBsb2Fkc1wvMjAyMlwvMTFcL2RpcGxvbWVzLWV0LWVsaXhpcnMtc2NhbGVkLmpwZyIsInNsaWRlc2hvdyI6ImIzYzNiYWYifQ%3D%3D\" href='http:\/\/centreuniverslebienetre.fr\/wp-content\/uploads\/2022\/11\/diplomes-et-elixirs-scaled.jpg'><img loading=\"lazy\" decoding=\"async\" width=\"150\" height=\"150\" src=\"http:\/\/centreuniverslebienetre.fr\/wp-content\/uploads\/2022\/11\/diplomes-et-elixirs-150x150.jpg\" class=\"attachment-thumbnail size-thumbnail\" alt=\"\" \/><\/a>\n\t\t\t<\/div><\/figure><figure class='gallery-item'>\n\t\t\t<div class='gallery-icon landscape'>\n\t\t\t\t<a data-elementor-open-lightbox=\"yes\" data-elementor-lightbox-slideshow=\"b3c3baf\" data-elementor-lightbox-title=\"espace de consultation et soins L&#039;Instant pour soi\" data-e-action-hash=\"#elementor-action%3Aaction%3Dlightbox%26settings%3DeyJpZCI6NzczLCJ1cmwiOiJodHRwOlwvXC9jZW50cmV1bml2ZXJzbGViaWVuZXRyZS5mclwvd3AtY29udGVudFwvdXBsb2Fkc1wvMjAyMlwvMTFcL2VzcGFjZS1kZS1jb25zdWx0YXRpb24tZXQtc29pbnMtTEluc3RhbnQtcG91ci1zb2ktc2NhbGVkLmpwZWciLCJzbGlkZXNob3ciOiJiM2MzYmFmIn0%3D\" href='http:\/\/centreuniverslebienetre.fr\/wp-content\/uploads\/2022\/11\/espace-de-consultation-et-soins-LInstant-pour-soi-scaled.jpeg'><img loading=\"lazy\" decoding=\"async\" width=\"150\" height=\"150\" src=\"http:\/\/centreuniverslebienetre.fr\/wp-content\/uploads\/2022\/11\/espace-de-consultation-et-soins-LInstant-pour-soi-150x150.jpeg\" class=\"attachment-thumbnail size-thumbnail\" alt=\"\" \/><\/a>\n\t\t\t<\/div><\/figure>\n\t\t<\/div>\n\t\t<\/div>\n\t\t\t\t\t\t<\/div>\n\t\t\t\t<\/div>\n\t\t\t\t\t<\/div>\n\t\t<\/div>\n\t\t\t\t\t<\/div>\n\t\t<\/section>\n\t\t\t\t<\/div>\n\t\t","protected":false},"excerpt":{"rendered":"<p>VERONIQUE ELIAS 06 16 37 85 12 veroelias.fleursdebach@gmail.fr Facebook Instagram CONSEILL\u00c8RE AGR\u00c9\u00c9E EN FLEURS DE BACH MAGNETISME &#8211; SOINS ENERGETIQUES G\u00e9rer ses \u00e9motions avec les Fleurs\u00a0un traitement doux et respectueux Les FLEURS de Bach sont une m\u00e9thode de sant\u00e9 simple, naturelle et sans danger qui traite uniquement des \u00e9tats \u00e9motionnels perturb\u00e9s (hypersensibilit\u00e9, \u00e9motivit\u00e9 d\u00e9bordante, culpabilit\u00e9, [&hellip;]<\/p>\n","protected":false},"author":1,"featured_media":0,"parent":0,"menu_order":0,"comment_status":"closed","ping_status":"closed","template":"","meta":{"footnotes":""},"class_list":["post-452","page","type-page","status-publish","hentry"],"_links":{"self":[{"href":"http:\/\/centreuniverslebienetre.fr\/index.php\/wp-json\/wp\/v2\/pages\/452","targetHints":{"allow":["GET"]}}],"collection":[{"href":"http:\/\/centreuniverslebienetre.fr\/index.php\/wp-json\/wp\/v2\/pages"}],"about":[{"href":"http:\/\/centreuniverslebienetre.fr\/index.php\/wp-json\/wp\/v2\/types\/page"}],"author":[{"embeddable":true,"href":"http:\/\/centreuniverslebienetre.fr\/index.php\/wp-json\/wp\/v2\/users\/1"}],"replies":[{"embeddable":true,"href":"http:\/\/centreuniverslebienetre.fr\/index.php\/wp-json\/wp\/v2\/comments?post=452"}],"version-history":[{"count":58,"href":"http:\/\/centreuniverslebienetre.fr\/index.php\/wp-json\/wp\/v2\/pages\/452\/revisions"}],"predecessor-version":[{"id":1441,"href":"http:\/\/centreuniverslebienetre.fr\/index.php\/wp-json\/wp\/v2\/pages\/452\/revisions\/1441"}],"wp:attachment":[{"href":"http:\/\/centreuniverslebienetre.fr\/index.php\/wp-json\/wp\/v2\/media?parent=452"}],"curies":[{"name":"wp","href":"https:\/\/api.w.org\/{rel}","templated":true}]}}